{"id":8290,"date":"2023-10-18T10:57:50","date_gmt":"2023-10-18T08:57:50","guid":{"rendered":"https:\/\/craiedesol.be\/?page_id=8290"},"modified":"2025-08-13T17:58:17","modified_gmt":"2025-08-13T15:58:17","slug":"qui-suis-je","status":"publish","type":"page","link":"https:\/\/craiedesol.be\/index.php\/qui-suis-je\/","title":{"rendered":"QUI SUIS-JE ?"},"content":{"rendered":"<div class=\"fusion-fullwidth fullwidth-box fusion-builder-row-1 nonhundred-percent-fullwidth non-hundred-percent-height-scrolling\" style=\"background-color: rgba(255,255,255,0);background-position: center center;background-repeat: no-repeat;padding-top:0px;padding-right:0px;padding-bottom:0px;padding-left:0px;margin-bottom: 0px;margin-top: 0px;border-width: 0px 0px 0px 0px;border-color:#eae9e9;border-style:solid;\" ><div class=\"fusion-builder-row fusion-row\"><div class=\"fusion-layout-column fusion_builder_column fusion-builder-column-0 fusion_builder_column_1_1 1_1 fusion-one-full fusion-column-first fusion-column-last fusion-column-no-min-height\" style=\"margin-top:10px;margin-bottom:20px;\"><div class=\"fusion-column-wrapper fusion-flex-column-wrapper-legacy\" style=\"background-position:left top;background-repeat:no-repeat;-webkit-background-size:cover;-moz-background-size:cover;-o-background-size:cover;background-size:cover;padding: 40px 0px 0px 0px;\"><div class=\"fusion-column-content-centered\"><div class=\"fusion-column-content\"><style type=\"text\/css\"><\/style><div class=\"fusion-title title fusion-title-1 fusion-sep-none fusion-title-center fusion-title-text fusion-title-size-one\" style=\"font-size:18px;margin-top:0px;margin-right:0px;margin-bottom:31px;margin-left:0px;\"><h1 class=\"title-heading-center fusion-responsive-typography-calculated\" style=\"margin:0;font-size:1em;--fontSize:18;--minFontSize:18px;line-height:1.4;\"><p><span style=\"font-size: 100%;\"><span class=\"s1\"><span style=\"color: #ffffff; font-family: Abel; font-weight: 300; font-size: 29px;\" data-fusion-font=\"true\" data-fusion-google-font=\"Abel\" data-fusion-google-variant=\"400\" data-fusion-google-subset=\"latin\"><span style=\"color: #e04a1d; font-family: Abel; font-weight: 300; font-size: 29px;\" data-fusion-font=\"true\" data-fusion-google-font=\"Abel\" data-fusion-google-variant=\"400\" data-fusion-google-subset=\"latin\"><span class=\"s1\"><span style=\"color: #ffd830; font-family: Abel; font-weight: 300; font-size: 29px;\" data-fusion-font=\"true\" data-fusion-google-font=\"Abel\" data-fusion-google-variant=\"400\" data-fusion-google-subset=\"latin\"><span style=\"color: #e16c30;\"><span class=\"s1\"><span style=\"color: #ffd830; font-family: Abel; font-weight: 300; font-size: 29px;\" data-fusion-font=\"true\" data-fusion-google-font=\"Abel\" data-fusion-google-variant=\"400\" data-fusion-google-subset=\"latin\"><span style=\"color: #00baef;\"><span class=\"s1\"><span style=\"color: #ffd830; font-family: Abel; font-weight: 300; font-size: 29px;\" data-fusion-font=\"true\" data-fusion-google-font=\"Abel\" data-fusion-google-variant=\"400\" data-fusion-google-subset=\"latin\"><span style=\"font-size: 120%;\"><span style=\"color: #ffd830;\">Qui suis-je ?<\/span><\/span><br \/>\n<\/span><\/span><\/span><\/span><\/span><\/span><\/span><\/span><\/span><\/span><\/span><\/span><\/p><\/h1><\/div><style type=\"text\/css\"><\/style><div class=\"fusion-title title fusion-title-2 fusion-sep-none fusion-title-center fusion-title-text fusion-title-size-two\" style=\"font-size:18px;margin-top:0px;margin-right:0px;margin-bottom:31px;margin-left:0px;\"><h2 class=\"title-heading-center fusion-responsive-typography-calculated\" style=\"margin:0;font-size:1em;--fontSize:18;--minFontSize:18px;line-height:1.5;\"><p><span style=\"color: #ffffff;\"><span style=\"font-size: 22.88px;\">Pr\u00e9nom et nom : Marc Vermeulen<br \/>\nMa passion est l&rsquo;envie de partager l&rsquo;imaginaire en le rendant accessible. Transmettre mes acquis \u00e0 quiconque souhaite d\u00e9couvrir ses capacit\u00e9s artistiques est un vrai bonheur, car la premi\u00e8re source d&rsquo;inspiration est pour moi le contact, la communication, la pr\u00e9sence.<\/span><\/span><\/p><\/h2><\/div><style type=\"text\/css\"><\/style><div class=\"fusion-title title fusion-title-3 fusion-sep-none fusion-title-center fusion-title-text fusion-title-size-two\" style=\"font-size:18px;margin-top:0px;margin-right:0px;margin-bottom:31px;margin-left:0px;\"><h2 class=\"title-heading-center fusion-responsive-typography-calculated\" style=\"margin:0;font-size:1em;--fontSize:18;--minFontSize:18px;line-height:1.5;\"><span style=\"color: #ffffff;\"><span style=\"font-size: 22.88px;\">Le profil multidisciplinaire me permet de proposer une approche devenue r\u00e9ellement efficace et originale lors des ateliers : chacun s&rsquo;enrichit des autres pratiques.<\/span><\/span><\/h2><\/div><style type=\"text\/css\"><\/style><div class=\"fusion-title title fusion-title-4 fusion-sep-none fusion-title-center fusion-title-text fusion-title-size-two\" style=\"font-size:18px;margin-top:0px;margin-right:0px;margin-bottom:31px;margin-left:0px;\"><h2 class=\"title-heading-center fusion-responsive-typography-calculated\" style=\"margin:0;font-size:1em;--fontSize:18;--minFontSize:18px;line-height:1.5;\"><span style=\"color: #ffffff;\"><span style=\"font-size: 22.88px;\">Il s&rsquo;en d\u00e9gage une \u00e9nergie tout \u00e0 fait propice au d\u00e9veloppement artistique. Ces 3 portes d&rsquo;acc\u00e8s diff\u00e9rentes augmentent les chances que chacun trouve ce qu&rsquo;il a besoin. Ca m&rsquo;a port\u00e9, c&rsquo;est devenu une \u00e9vidence qui continue \u00e0 me faire vibrer.<\/span><\/span><\/h2><\/div><style type=\"text\/css\"><\/style><div class=\"fusion-title title fusion-title-5 fusion-sep-none fusion-title-center fusion-title-text fusion-title-size-two\" style=\"font-size:18px;margin-top:0px;margin-right:0px;margin-bottom:45px;margin-left:0px;\"><h2 class=\"title-heading-center fusion-responsive-typography-calculated\" style=\"margin:0;font-size:1em;--fontSize:18;--minFontSize:18px;line-height:1.5;\"><span style=\"color: #ffffff;\"><span style=\"font-size: 22.88px;\">Je suis tr\u00e8s sensible \u00e0 ce que chacun soit reconnu en cr\u00e9ant du lien, et j&rsquo;en appr\u00e9cie d&rsquo;autant les diff\u00e9rences et les fragilit\u00e9s.<\/span><\/span><\/h2><\/div><style type=\"text\/css\"><\/style><div class=\"fusion-title title fusion-title-6 fusion-sep-none fusion-title-center fusion-title-text fusion-title-size-two\" style=\"font-size:18px;margin-top:0px;margin-right:0px;margin-bottom:31px;margin-left:0px;\"><h2 class=\"title-heading-center fusion-responsive-typography-calculated\" style=\"margin:0;font-size:1em;--fontSize:18;--minFontSize:18px;line-height:1.5;\"><span style=\"color: #ffffff;\"><span style=\"font-size: 22.88px;\">Vous trouverez ici mes r\u00e9alisations personnelles :<\/span><\/span><\/h2><\/div><div class=\"fusion-builder-row fusion-builder-row-inner fusion-row\"><div class=\"fusion-layout-column fusion_builder_column_inner fusion-builder-nested-column-0 fusion_builder_column_inner_1_3 1_3 fusion-one-third fusion-column-first\" style=\"width:33.333333333333%;width:calc(33.333333333333% - ( ( 4% + 4% ) * 0.33333333333333 ) );margin-right: 4%;margin-top:0px;margin-bottom:20px;\"><div class=\"fusion-column-wrapper fusion-flex-column-wrapper-legacy\" style=\"background-position:left top;background-repeat:no-repeat;-webkit-background-size:cover;-moz-background-size:cover;-o-background-size:cover;background-size:cover;padding: 0px 0px 0px 0px;\"><div class=\"imageframe-align-center\"><span class=\" fusion-imageframe imageframe-none imageframe-1 hover-type-none\"><a class=\"fusion-no-lightbox\" href=\"http:\/\/artmarc.be\" target=\"_self\" aria-label=\"sculpture marc vermeulen argile terre 2&#215;96\"><img decoding=\"async\" width=\"76\" height=\"76\" src=\"http:\/\/craiedesol.be\/wordpress\/wp-content\/uploads\/2024\/05\/sculpture-marc-vermeulen-argile-terre-2x96-1.jpg\" class=\"img-responsive wp-image-8336\" srcset=\"https:\/\/craiedesol.be\/wordpress\/wp-content\/uploads\/2024\/05\/sculpture-marc-vermeulen-argile-terre-2x96-1-66x66.jpg 66w, https:\/\/craiedesol.be\/wordpress\/wp-content\/uploads\/2024\/05\/sculpture-marc-vermeulen-argile-terre-2x96-1.jpg 76w\" sizes=\"(max-width: 76px) 100vw, 76px\" \/><\/a><\/span><\/div><div class=\"fusion-clearfix\"><\/div><\/div><\/div><div class=\"fusion-layout-column fusion_builder_column_inner fusion-builder-nested-column-1 fusion_builder_column_inner_1_3 1_3 fusion-one-third\" style=\"width:33.333333333333%;width:calc(33.333333333333% - ( ( 4% + 4% ) * 0.33333333333333 ) );margin-right: 4%;margin-top:0px;margin-bottom:20px;\"><div class=\"fusion-column-wrapper fusion-flex-column-wrapper-legacy\" style=\"background-position:left top;background-repeat:no-repeat;-webkit-background-size:cover;-moz-background-size:cover;-o-background-size:cover;background-size:cover;padding: 0px 0px 0px 0px;\"><div class=\"imageframe-align-center\"><span class=\" fusion-imageframe imageframe-none imageframe-2 hover-type-none\"><a class=\"fusion-no-lightbox\" href=\"http:\/\/artmarc.be\/?page_id=101\" target=\"_self\" aria-label=\"marc vermeulen chanson dessin peinture illustration graphisme 2&#215;96\"><img decoding=\"async\" width=\"75\" height=\"75\" src=\"http:\/\/craiedesol.be\/wordpress\/wp-content\/uploads\/2022\/02\/marc-vermeulen-chanson-dessin-peinture-illustration-graphisme-2x96-1.jpg\" class=\"img-responsive wp-image-7290\" srcset=\"https:\/\/craiedesol.be\/wordpress\/wp-content\/uploads\/2022\/02\/marc-vermeulen-chanson-dessin-peinture-illustration-graphisme-2x96-1-66x66.jpg 66w, https:\/\/craiedesol.be\/wordpress\/wp-content\/uploads\/2022\/02\/marc-vermeulen-chanson-dessin-peinture-illustration-graphisme-2x96-1.jpg 75w\" sizes=\"(max-width: 75px) 100vw, 75px\" \/><\/a><\/span><\/div><div class=\"fusion-clearfix\"><\/div><\/div><\/div><div class=\"fusion-layout-column fusion_builder_column_inner fusion-builder-nested-column-2 fusion_builder_column_inner_1_3 1_3 fusion-one-third fusion-column-last\" style=\"width:33.333333333333%;width:calc(33.333333333333% - ( ( 4% + 4% ) * 0.33333333333333 ) );margin-top:0px;margin-bottom:20px;\"><div class=\"fusion-column-wrapper fusion-flex-column-wrapper-legacy\" style=\"background-position:left top;background-repeat:no-repeat;-webkit-background-size:cover;-moz-background-size:cover;-o-background-size:cover;background-size:cover;padding: 0px 0px 0px 0px;\"><div class=\"imageframe-align-center\"><span class=\" fusion-imageframe imageframe-none imageframe-3 hover-type-none\"><a class=\"fusion-no-lightbox\" href=\"https:\/\/artmarc.be\/?page_id=1219\" target=\"_self\" aria-label=\"craiedesol.be dessin peinture guitare atelier cours parcours 2&#215;96\"><img decoding=\"async\" width=\"75\" height=\"75\" src=\"http:\/\/craiedesol.be\/wordpress\/wp-content\/uploads\/2022\/02\/craiedesol.be-dessin-peinture-guitare-atelier-cours-parcours-2x96-1.jpg\" class=\"img-responsive wp-image-7289\" srcset=\"https:\/\/craiedesol.be\/wordpress\/wp-content\/uploads\/2022\/02\/craiedesol.be-dessin-peinture-guitare-atelier-cours-parcours-2x96-1-66x66.jpg 66w, https:\/\/craiedesol.be\/wordpress\/wp-content\/uploads\/2022\/02\/craiedesol.be-dessin-peinture-guitare-atelier-cours-parcours-2x96-1.jpg 75w\" sizes=\"(max-width: 75px) 100vw, 75px\" \/><\/a><\/span><\/div><div class=\"fusion-clearfix\"><\/div><\/div><\/div><\/div><\/div><\/div><div class=\"fusion-clearfix\"><\/div><\/div><\/div><\/div><\/div>\n","protected":false},"excerpt":{"rendered":"","protected":false},"author":1,"featured_media":0,"parent":0,"menu_order":0,"comment_status":"closed","ping_status":"closed","template":"","meta":{"footnotes":""},"class_list":["post-8290","page","type-page","status-publish","hentry"],"_links":{"self":[{"href":"https:\/\/craiedesol.be\/index.php\/wp-json\/wp\/v2\/pages\/8290","targetHints":{"allow":["GET"]}}],"collection":[{"href":"https:\/\/craiedesol.be\/index.php\/wp-json\/wp\/v2\/pages"}],"about":[{"href":"https:\/\/craiedesol.be\/index.php\/wp-json\/wp\/v2\/types\/page"}],"author":[{"embeddable":true,"href":"https:\/\/craiedesol.be\/index.php\/wp-json\/wp\/v2\/users\/1"}],"replies":[{"embeddable":true,"href":"https:\/\/craiedesol.be\/index.php\/wp-json\/wp\/v2\/comments?post=8290"}],"version-history":[{"count":17,"href":"https:\/\/craiedesol.be\/index.php\/wp-json\/wp\/v2\/pages\/8290\/revisions"}],"predecessor-version":[{"id":8894,"href":"https:\/\/craiedesol.be\/index.php\/wp-json\/wp\/v2\/pages\/8290\/revisions\/8894"}],"wp:attachment":[{"href":"https:\/\/craiedesol.be\/index.php\/wp-json\/wp\/v2\/media?parent=8290"}],"curies":[{"name":"wp","href":"https:\/\/api.w.org\/{rel}","templated":true}]}}